-4).
-3
Let w = 490 + -467. Suppose -12 + w = -o. Let r(v) = v**2 + 10*v - 5. Calculate r(o).
6
Let c(f) = f - 8. Let a(i) = 1. Let m(h) = 2*a(h) + c(h). Let p = 5691 - 5684. What is m(p)?
1
Let z be 7 + 0*6/(-24). Let j(o) = 6*o - 5. Let g(a) be the first derivative of -5*a**2/2 + 4*a + 6. Let t(p) = 7*g(p) + 6*j(p). Calculate t(z).
5
Let w(k) = -k**3 + 35*k**2 - 34*k + 7. Let q be w(34). Let b(p) = -p + 7*p - 4*p - 3 - p. What is b(q)?
4
Let f(n) = -n**3 + 7*n**2 + 6*n + 4. Suppose 5*d = x + 34, -2*d - x - 80 = -102. Determine f(d).
-12
Suppose -20 = -r + 3*t, 5*r - 5*t - 4 = 126. Suppose -39 = -2*b - r. Suppose -b*n + d = -0*d + 17, 0 = 3*d + 9. Let a(g) = g**3 + 5*g**2 + 5*g. What is a(n)?
-4
Let u(w) be the first derivative of w**4/4 + 14*w**3/3 + 11*w**2/2 - 16*w + 5. Suppose 0 = -66*r + 95*r + 377. Determine u(r).
10
Let j be (-30)/(-9) + 3*(-4)/36. Suppose -m + 0*g + 11 = -3*g, -j*m + 3*g = -21. Let q(f) = 2 - 5 + 7 - f. Calculate q(m).
-1
Let s = 216 + -216. Suppose 16*h - 12*h - 16 = s. Let b(f) = f**2 - 2*f - 5. Give b(h).
3
Let l be ((-7)/(-3))/(2/(-6)). Let s(g) = g**2 + 19*g - 225. Let b(q) = -2*q**2 - 41*q + 508. Let d(k) = -4*b(k) - 9*s(k). What is d(l)?
-7
Let q(k) be the first derivative of -1/3*k**3 - k**2 + 0*k - 33 + 1/4*k**4. Let s be (0 + 6)/(-2) - -5. What is q(s)?
0
Let z(p) = -p**3 + 8*p**2 - 12*p - 15. Let b be z(7). Let w be (b/35)/((-2)/(-14)). Let y(l) = l**2 + 9*l - 10. Give y(w).
0
Let y(j) = 3*j - 6. Let f(d) = -16*d + 36. Let b(z) = 2*f(z) + 11*y(z). Give b(-13).
-7
Let g(d) be the third derivative of d**9/4320 - d**8/10080 + d**6/720 + d**5/5 + d**4/12 - 6*d**2 - 3. Let i(m) be the third derivative of g(m). What is i(-1)?
-15
Let k(w) = -8*w + 20*w - 31 + 130 - 21 - 39. Determine k(-3).
3
Let q(m) = -5*m**2 - 2*m + 11. Let x(z) = 6*z**2 + 3*z - 12. Let s(j) = 5*q(j) + 4*x(j). Let k(g) = g + 1. Let y(t) = -4*k(t) + s(t). Determine y(-4).
-5
Let m(v) be the first derivative of 2*v**3/3 + 5*v**2/2 + 5*v - 5745. Calculate m(-2).
3
Let d(a) = 19 - 36 + 16. Let x(h) = h - 5. Let l(v) = 3*d(v) - x(v). Let i be 3 + (-10 - 0) + 3. Give l(i).
6
Let g(l) = l**3 - 3*l - 2. Let s(r) = -3*r + 26. Let d be s(7). Suppose k = -2*o + 98, 5*k = -d*o + k + 248. Let q = o - 50. What is g(q)?
-4
Let k(c) be the second derivative of -c**4/12 - c**3/2 + 2*c**2 + 3*c. Let u be (-3 + 0)*290/30. Let v = 26 + u. Give k(v).
4
Let j(k) = k**2 - 2*k + 2. Let f be 8 + -3 + 0/2. Let m = 694 + -649. Suppose f*y + m = 5*l, -l = 4*l + y - 15. Calculate j(l).
10
Let g = -70 + 75. Let s(w) = 4*w**2 - 15*w - w**3 - 3*w + 2 - g + 13*w. Determine s(4).
-23
Let m(r) = 38*r**3 + 12*r - 16 + 14*r**2 + 2*r**3 - 41*r**3. Determine m(15).
-61
Let t be 24/180 - (-103)/15. Let u(q) = -21117 - 7*q**2 + 8*q**2 - 8*q + 21112. What is u(t)?
-12
Let o(v) = -9*v**2 - 179*v + 22. Let u be (2 + 23)*186/1860*-8*1. Calculate o(u).
2
Let b(p) = 2*p - 4. Let d(g) = g**3 + 47*g**2 - 99*g - 46. Let y be d(-49). Let j be y/(18/24) + 2. What is b(j)?
8
Let s(p) = p**3 + p**2 - 3*p. Let u(y) = y**3 - 4*y + 1. Let i(r) = 3*s(r) - 2*u(r). Let f(d) = -29*d - 293. Let o be f(-10). Give i(o).
1
Let b(p) be the second derivative of 11*p**3/3 - p**2 + 5882*p. Determine b(-4).
-90
Let n be (36/10)/((-6)/(-40)). Suppose 6*r = 8*r - 38. Let m = r - n. Let g(o) = o**3 + 6*o**2 + 6*o - 2. What is g(m)?
-7
Let q be ((-1)/(-2))/((-22)/220). Let s(r) be the second derivative of 4*r - 1/2*r**2 + 1/3*r**3 + 0. Determine s(q).
-11
Suppose -2*g + 2*q = -4*g + 20, 0 = 3*q - 9. Suppose 30 = g*r - r. Let x(k) = -k**3 + 5*k**2 - k + 4. Calculate x(r).
-1
Let u(x) = -13*x + 9. Let f(g) = -28*g + 16. Let w be 0 - (6 + 1 + -11). Let o(k) = w*f(k) - 7*u(k). What is o(1)?
-20
Let w(h) = -5*h**2 - 14*h + 41. Let y(x) = -11*x**2 - 32*x + 80. Let o(r) = -7*w(r) + 3*y(r). Calculate o(5).
13
Let f(v) be the second derivative of -v**6/720 + v**5/30 + 127*v**4/6 + 282*v. Let p(g) be the third derivative of f(g). What is p(1)?
3
Suppose -5*c + 13 = -2*h, 304 = 4*h + 2*c + 294. Let b(l) = 55*l - 1. What is b(h)?
54
Suppose -8*c + 15*c - 2625 = 0. Let z be (c/(-20))/5 + (-1)/4. Let d(l) = -2*l - 9. What is d(z)?
-1
Let p(z) be the first derivative of -5*z - 7/2*z**2 + 110 - 2/3*z**3. Suppose 5*q + k + 31 = -k, 0 = 4*q - k + 17. Calculate p(q).
-20
Let m be (3 + (-9)/(-18))/((-1)/2). Let s(x) = -11*x + 9. Let g(i) = -13*i + 10. Let k(c) = m*s(c) + 6*g(c). Determine k(0).
-3
Let p(l) = -11*l - 59. Let v(f) = 4*f**2 - 140*f - 304. Let o be v(37). Calculate p(o).
29
Let q(l) = l**2 + 30*l + 33. Suppose 564 = -14*y + 158. What is q(y)?
4
Suppose 0 = -2*h + 4*x + 28, 31*h - 2*x + 22 = 33*h. Let j(u) = 5*u + 8*u - h*u - 5 + 3*u - 5*u. Give j(-11).
6
Let x be (-3)/8 + 46/(-48) + (-20)/(-15). Let u(n) = -n**3 + n + 7. What is u(x)?
7
Let h be (-7 + 7)/(2*1). Suppose 2*k + 2*g + 10 = 0, 5*k + g = -h*g - 5. Suppose k = -5*j + j + 24. Let p(f) = f - 1. Calculate p(j).
5
Let g(l) = -7*l - 2*l**3 - 2 - 5 - 5*l**2 + l**3. Let q be (76/(-114))/(3 + 43/(-15)). What is g(q)?
28
Let j(n) be the third derivative of -n**7/840 + n**6/36 + n**4/3 + 53*n**3/6 + 40*n**2. Let h(s) be the first derivative of j(s). Calculate h(10).
8
Suppose -3*k + 207 = 147. Suppose -3*l - 2*d - 48 = l, -k = 5*d. Let t(v) = -v**2 - 11*v - 7. Determine t(l).
3
Let w(i) = -19 + 7*i - 14*i + 4 - i**2 + 8 + 10. Let g(c) = c**3 + 7*c**2 + 2*c + 9. Let x be g(-7). Let l(z) = -z - 14. Let m be l(x). Give w(m).
-15
Let f(c) = -100*c**2 - 62*c - 2. Let p(w) = -19*w**2 - 12*w. Let r(q) = 3*f(q) - 16*p(q). Calculate r(-5).
64
Let b be -19744*-4*(-4)/(-16). Let z(a) = -5*a**2 + 3 + 4*a**2 - 19755*a + b*a. Determine z(-11).
3
Let b(y) = -25*y + 1 + 95*y + 4 - 25*y - 42*y. Suppose 0*s + 44 = 4*s. Suppose 4*m = -12, j + 0*m - s = 5*m. What is b(j)?
-7
Let d(z) = z**2 - 7*z + 19. Let o be d(2). Let h(l) = -5*l**2 + 4*l**2 + o - 4 + 10*l - 8. Give h(6).
21
Let i(w) = -2*w**2 - 27*w - 3. Suppose 9*z = 33*z + 38*z + 806. Determine i(z).
10
Let x(j) = 29*j**2 - 15*j + 51. Let h be x(3). Suppose 27*c + 51 = h. Let i(w) = -2*w**2 + 16*w - 10. What is i(c)?
-10
Let h be 5 + 7/(-2) + (-3)/(-6). Let v(t) = -4*t**3 + 2*t. Calculate v(h).
-28
Let f(a) be the first derivative of -67 + 1/3*a**3 - 17*a + 17/2*a**2. Calculate f(-18).
1
Let r(w) = -w**2 + 4*w - 2. Suppose -y + n - 6*n - 11 = 0, -4*y + 2*n = 66. Let s be (-15)/(-4 - 1) + y. Let l = s - -17. Give r(l).
-2
Let h = -25 - -76. Let i = h + -43. Let w(z) = 13*z**2 - i*z**2 - 6*z**2 - 5 - 8*z. Calculate w(-6).
7
Let g(l) = -10*l + 20. Let i(q) = 4*q - 17. Let p(t) = -2*g(t) - 3*i(t). Calculate p(-5).
-29
Suppose -19*s - 245 = -264. Let g(m) = -8*m**2 + m + 1. Calculate g(s).
-6
Let t(d) = 15*d + 28. Let l(b) = -8*b - 16. Let k(r) = -11*l(r) - 6*t(r). Give k(3).
2
Let p be 0/(-1 - (2 + -6)). Suppose -3*o = -6, -2*g = 7*o - 5*o - 60. Let k(q) = 35 + 4*q - 5*q - g + 2*q. Determine k(p).
7
Let r(n) be the second derivative of -n**5/20 + n**4/4 + n**3 + n**2 - 65*n. Let b be r(-2). Let c(h) = h**2 - 9*h - 8. Determine c(b).
2
Let p be (-55)/(-5) - (1 - -6). Let n(v) = -v. What is n(p)?
-4
Let h(l) = 17*l + 1303. Let u be h(-76). Let q(b) = b**3 - 13*b**2 + 25*b - 23. Calculate q(u).
10
Let l(f) = -f**3 + 4*f**2 - 4*f - 1. Let w be l(3). Let k(d) be the third derivative of 1/24*d**4 + 0 + 1/3*d**3 + 70*d**2 + 0*d. Calculate k(w).
-2
Let l(o) = -o - 12. Let k = -3536 - -3528. Give l(k).
-4
Let c(o) = o**2 - 13*o + 16. Let i = 335 + -323. Calculate c(i).
4
Let s(k) = -k**3 + 13*k**2 + 12*k + 33. Let b be s(14). Let r(w) = -2 + w**2 - 1 + 0 - 1 - 4*w. Determine r(b).
1
Let x(y) be the third derivative of y**5/60 - 5*y**4/24 - 25*y**3/6 + 2112*y**2. What is x(9)?
11
Let d(z) = 0*z**2 + 113*z**3 + z**2 - 27*z**3 - 57*z**3 - 27*z**3. Calculate d(2).
20
Let a(y) = y**2 - 2*y - 13. Let x be a(5). Let z(s) = -3*s**2 + 9*s - 19*s - s**x + 13 + 2*s**2. Let n be z(-6). Let i(p) = p**2 + p - 1. Calculate i(n).
1
Let t(i) be the first derivative of 5/4*i**4 - 1/3*i**3 + i + 12 + 0*i**2. Let u(b) = -b**3 + 7*b**2 - 8*b + 13. Let d be u(6). Calculate t(d).
5
Let t(n) be the third derivative of -5*n**4/24 + n**3/6 - n**2. Suppose -744*i - 82 = -662*i. Calculate t(i).
6
Let n(r) be the first derivative of 3*r**6/10 - r**5/60 + 69*r**2/2 - r - 5.